f). Give y(v).
-11
Let u(h) be the third derivative of -h**4/24 + 2*h**3/3 + h**2. Let b(o) = o**3 + 4*o**2 + 3. Let c be b(-4). Suppose -5*l + 2*f = -f + 3, c*f = -12. Give u(l).
7
Let q(t) = 0 + 3 + 3*t - t. Let r(n) = 1. Let i(v) = -q(v) + 2*r(v). Let p = -14 + 11. Give i(p).
5
Let p(x) = 8*x + 23. Let k(t) = -3*t - 8. Let o(a) = 17*k(a) + 6*p(a). What is o(2)?
-4
Let n(i) = 4*i**2 + i. Let u(p) = 2*p**3 - 2*p**3 - 5*p**2 + 4*p**2 + p**3 + 8. Let j be u(0). Let g = j - 9. Determine n(g).
3
Let p(x) = x + 8. Let u(y) be the third derivative of -y**5/60 + 7*y**4/24 - 2*y**3/3 + 3*y**2. Let o be u(6). Suppose 4*m = o - 18. What is p(m)?
4
Let o = -13 - -5. Let k(l) = -l - 5. Calculate k(o).
3
Let c(h) = h**3 + h**2 + 1. Let n(z) = 5*z**3 - 3*z**2 + z + 2. Let r(q) = -4*c(q) + n(q). Determine r(7).
5
Let f be (-1)/(3/(-9)) - 0. Let y be (-1)/((9/(-6))/f). Let x(m) = -3*m**y + m**3 + 4 - 2 - 2*m**3. What is x(-3)?
2
Let t(h) be the first derivative of -3*h**2/2 + h + 11. What is t(3)?
-8
Let g(z) = -z**3 - 2*z**2 - 6*z. Let m(w) = -w**3 + w**2. Let r(d) = g(d) - 2*m(d). Give r(5).
-5
Let g(q) = -4*q - 2. Suppose 2*k = 4*t - 6, t - 17 = -2*k - 3. Calculate g(t).
-18
Let m(a) = -2*a**3 + 1. Suppose -2*k = k - 5*v + 13, 6 = -4*k + v. Let g be 2/6*k*-3. What is m(g)?
-1
Suppose 5*t - 26 = 4. Let j(o) be the first derivative of -o**4/4 + 7*o**3/3 - 3*o**2 - 4*o - 44. Calculate j(t).
-4
Let b(v) = -16*v - 18. Let h(u) = -5*u - 6. Let y(d) = 3*b(d) - 10*h(d). Suppose 5*r + 10 = 3*w, -r - 30 = 4*w + w. Give y(r).
-4
Suppose z + 3*z = 0. Let p(v) be the second derivative of -1/2*v**2 + z + 1/6*v**3 + v. Determine p(-5).
-6
Let r(o) = -14*o + 11. Let x(f) = -6*f + 0 + 1 + 3 + f. Let j(g) = 6*r(g) - 17*x(g). Determine j(5).
3
Let o(v) = -62 + 58 - 6*v + 5*v. Determine o(-6).
2
Let v(p) be the second derivative of -p**4/6 + 7*p**3/6 - p**2 + 9*p. What is v(5)?
-17
Suppose -7 = -4*s + 5. Let j = 10 + -5. Suppose -4*i + j = -s. Let a(v) = -2*v + 2. Calculate a(i).
-2
Let r(s) = -3*s - 1. Let k(w) = 4*w + 1. Let t(g) = 5*k(g) + 7*r(g). Let x be 7 + (0 - 0) - 2. Suppose -5 = x*u + 20. What is t(u)?
3
Let s(n) = n**2 + 8*n - 20. Let l be s(-10). Let b(c) = 2 + 2 - 1 + c. What is b(l)?
3
Let r(l) = -l + 4. Let j(v) = v - 5. Let b = 0 + -2. Let a(y) = b*j(y) - 3*r(y). Let p = -1 - -1. Calculate a(p).
-2
Let a(r) = -5*r**3 - 9*r**2 - 8*r + 8. Let s(w) = 2*w**3 + 3*w**2 + 3*w - 3. Let f(l) = 3*a(l) + 8*s(l). What is f(2)?
-4
Let o(m) be the second derivative of 5/12*m**4 + 0 - 1/20*m**5 + m**3 + 2*m - 2*m**2. What is o(6)?
-4
Let a(c) = 7 + 2*c - 2*c**2 - 8*c + 3*c**2. Suppose -2*v + 6*v = 144. Let j be (-2)/9 - (-188)/v. Calculate a(j).
2
Let i(u) = -14*u + 16. Let g(z) = z - 1. Let p be 4/(-10) - (-49)/35. Let n(t) = p*i(t) + 12*g(t). Determine n(3).
-2
Let r = 13 - 22. Let a(n) = n + 8. Let g be a(r). Let s(z) = 1. Let h(f) = 2*f**2 - f - 5. Let i(p) = h(p) + 5*s(p). Give i(g).
3
Let x(o) = -2*o + 14. Let a(t) = -t. Let z(c) = -5*a(c) - x(c). Let w(k) = 2*k - 5. Let h(m) = 14*w(m) - 5*z(m). Let y(d) = -d + 4. Let u be y(5). Give h(u).
7
Let o(l) = l**3 - 3*l**2 - 3*l - 2. Let h(v) = -v + 5. Let d be h(0). Let n = 9 - d. Let u be o(n). Let i(k) = k**2 - k + 2. What is i(u)?
4
Let d be 4 - 4/6*3. Let s = -4 + 6. Let g(b) = d + b**2 - b**3 - 3*b**2 + 3*b**s + b. Determine g(2).
0
Let y(x) = 2 + 2*x**3 - 7*x**3 + 3*x**2 + 4*x**3. Suppose 3*z - 3*c - 48 = -z, -2*z + 22 = -c. Suppose 5*g - 6 = z. Calculate y(g).
2
Suppose q - 1 = 5. Let b(u) = u**3 - 6*u**2 + 2*u - 9. What is b(q)?
3
Let k(q) = -7 - q**2 - 3*q + 7*q + 4*q. Suppose 0 = 2*n - 6*n - 5*f + 48, 0 = 4*f - 16. Give k(n).
0
Suppose 10 = -3*y - 11. Let u(a) = a**3 + 7*a**2 + a + 8. Determine u(y).
1
Let n(w) = -w + 5. Let u(t) = -t**2 + 11*t - 18. Let g be u(4). Calculate n(g).
-5
Let o(t) = -8*t. Let s = -7 - -8. What is o(s)?
-8
Let l(x) = 2*x**2 + 7*x - 6. Suppose 0 = 5*j - 5 + 15. Let v(r) = r**2 + 4*r - 3. Let w(y) = j*l(y) + 5*v(y). What is w(-6)?
-3
Let k(c) = 4*c**2 - 2*c + 1. Let h = 5 - 4. Let j be k(h). Suppose -j*a - 13 = m, 17 = -3*a + 2*m - m. Let w(r) = r**3 + 6*r**2 + 3*r - 4. Determine w(a).
6
Let n(s) = -s**2 - s. Let p(k) = -3*k**2 - 5*k. Let f = 0 - -1. Let d(h) = f*p(h) - 4*n(h). Let m(v) = -v**2 - 8*v + 8. Let c be m(-9). Calculate d(c).
2
Let z(d) = -d. Let v(a) = a**3 - a + a**2 + 0*a**3 + 2*a. Let p be v(-1). Let k(m) = -3*m**3 + m**2 + m. Let u be k(p). Calculate z(u).
-3
Suppose 3*i - 2 = 2*c + 7*i, -2 = 2*c - 4*i. Let o = 2 - c. Let w(n) = n - 3*n**o - 3*n**2 + 2 - 3*n + 4*n**3. What is w(4)?
10
Let f(o) = 2*o + 7. Let d(b) = b + 4. Let s(k) = 5*d(k) - 2*f(k). What is s(-5)?
1
Suppose -8*d = -3*d. Let i = 0 + 0. Let j(k) = i*k + k - 1 + 4. What is j(d)?
3
Let t(f) = f**2 + 2*f - 1. Let b = 6 + -7. Let y be 5/b*4/10. Determine t(y).
-1
Let r(k) = k + 5. Suppose -5 = 2*a - 1. Let w(p) = p**3 + 2*p**2 + 2*p - 2. Let d be w(a). Calculate r(d).
-1
Let x(h) = -4*h**3 + 1. Let i = -16 - -15. What is x(i)?
5
Let w(c) = 6*c**3 - 3*c**3 + 0*c**3 - 5 + 5*c**2 + c - 4*c**3. Determine w(5).
0
Let c = 7 + -4. Let w(i) = -3*i**2 + 1 + 4 + i**c + 1 - 4*i. Let q(d) = -d**2 + 14*d - 9. Let p be q(13). Give w(p).
6
Let m(g) = -g**2 + 6*g + 3. Let u be m(7). Let l(q) = -2*q**2 - 6*q. Calculate l(u).
-8
Let b(z) be the second derivative of z**4/12 + 7*z**3/6 + z**2 - 9*z. What is b(-3)?
-10
Let z(a) = 4*a - 10*a**3 - 7*a**3 - 2*a**2 - 3*a - 2*a. Calculate z(-1).
16
Let m(q) = q**3 + 3*q**2 - 2*q - 6. Suppose 3*n + 3*i - 22 = -4, -19 = -3*n - 2*i. Suppose -y - n = g, y + 6*g + 19 = g. Determine m(y).
-14
Let m = -5 + 7. Suppose m*x = -0*y - 2*y + 12, -5*x + 21 = 2*y. Let r(f) = f + 4. Give r(x).
7
Let m be (-20)/(-6)*12/10. Suppose 0 = p - 2*l - m, -l + 3*l = -p - 8. Let n(j) be the first derivative of -2*j**3/3 - j**2 - 2*j - 1. Give n(p).
-6
Let k(c) = 7*c**2 - 4*c - 6. Let s(g) = 13*g**2 - 7*g - 11. Let n(p) = -11*k(p) + 6*s(p). Determine n(-4).
8
Let p be ((-2 - -1) + 1)*1. Let s(q) be the third derivative of p*q + 0 + 1/10*q**5 + 1/24*q**4 + 1/6*q**3 + 2*q**2. Determine s(-1).
6
Let d(h) = -1 + 1 + 4*h + 6 + 4*h**2 - 4 - h**3. Calculate d(5).
-3
Let l(x) = 8*x**2 - 2*x - 1. Let j(k) = 8*k**2 - 2*k**2 + 5 - 3*k + 3*k**2 - 6. Let h(c) = -4*j(c) + 5*l(c). Determine h(1).
5
Suppose -14 = 38*p - 31*p. Let m(j) = -5 + 3*j + 4 + 0. Give m(p).
-7
Let r(y) = -5*y - 21. Let l(i) = -i - 4. Let t(p) = 11*l(p) - 2*r(p). Suppose 4*c - 18 = -2*d, 2*d + 4 = 3*c - 13. What is t(c)?
-7
Let g(j) = 3*j - 4. Let h be g(3). Suppose 2*f + h*b = -27, -3*f - 3*b = 5 + 13. Let d(l) = -2*l**3 + l. Let c be d(f). Let y(p) = p**3 + p - 1. Give y(c).
1
Let s(p) = 2*p - 5 + 4 + 2 - p. Let b be s(-3). Let c be ((-11)/(-4) + b)*-4. Let k(r) = r - 4. Calculate k(c).
-7
Suppose n + 2*n - 18 = 0. Let d be -2 - (-3)/(n/20). Let h = 6 - d. Let m(c) = -c**2 + c + 1. Give m(h).
-5
Let n = 15 + -11. Let f(a) = -4*a**3 - 4*a**2 + 4. Let z(d) be the first derivative of 3*d**4/4 + 4*d**3/3 - 4*d + 3. Let c(x) = -4*f(x) - 5*z(x). Give c(n).
4
Let z(j) = j**3 - 8*j**2 + 6*j + 6. Let g(c) = 2*c - 3. Let k be g(5). Give z(k).
-1
Let w(h) = -9*h - 3. Let y(j) = 4*j + 1. Let k(z) = -2*w(z) - 5*y(z). Suppose 2*a + 1 = 3*a. What is k(a)?
-1
Let k(d) = -d**3 - d**2 + d + 6. Let p(j) = -j**3 + 1. Let q(l) = -k(l) + 2*p(l). Let y be 2/(-5) + (-34)/(-10). Suppose y*z = 2*z. What is q(z)?
-4
Let r = -8 + 9. Let l(c) be the first derivative of -c**3 - c**2/2 + c - 1. Let b(d) be the first derivative of l(d). What is b(r)?
-7
Let k(q) = -q + 2. Let a be k(-2). Let d be -1 - 0/3 - a. Let y(b) = -b. Let s(u) = -2*u - 9. Let p(r) = -s(r) + y(r). Calculate p(d).
4
Let l(m) be the first derivative of m**3/3 + 2*m - 8. Let u = 3 + -5. What is l(u)?
6
Let p(z) = 3*z - 4 + 0 + z**2 + 1 + 4. Determine p(-3).
1
Let l(v) = -v**3 + v**2 + v + 4. Let u = 23 - 29. Let m(y) = y**3 - 2*y**2 - 4. Let g(x) = u*m(x) - 7*l(x). Give g(-6).
2
Suppose 2 + 22 = -3*c. Let w = c - -10. Let z(u) = 3*u**2 + 0 - 1 + 3*u**2 - 4*u**2. Calculate z(w).
7
Suppose 4*i + 5*p = -i + 5, p = -3*i - 3. Suppose 6*m - 3*y = 2*m + 8, -4*y = 0. Let n(h) = -h + 2*h**m - 3*h**2 + 0*h**2 - 2. Calculate n(i).
-4
Let q(o) be the first derivative of 1/3*o**3 + 1/2*o**2 + 4*o - 1 + 1/4*o**4. Let i be (-